e
Is 87317 prime?
True
Is 241169 composite?
False
Is 1411389119 a prime number?
False
Is 22743047 composite?
True
Is 62948987 a prime number?
True
Is 4893565 a composite number?
True
Is 4872757 composite?
True
Is 9004733 prime?
False
Is 10678553 prime?
False
Is 13502999 a composite number?
False
Is 65767307 a composite number?
True
Is 159221651 composite?
True
Is 2150171 a composite number?
False
Is 579274 a prime number?
False
Is 3149639 a prime number?
True
Is 26258131 composite?
False
Is 16680067 a composite number?
True
Is 517277 prime?
True
Is 137078933 composite?
False
Is 943253 a composite number?
True
Is 12016793 composite?
True
Is 40487053 composite?
True
Is 14090233 a composite number?
False
Is 7475045 composite?
True
Is 9918907 prime?
False
Is 40167791 a composite number?
False
Is 80900437 prime?
True
Is 15857137 a composite number?
False
Is 5277689 a prime number?
False
Is 857321 a prime number?
True
Is 34455247 prime?
False
Is 3039761 a composite number?
False
Is 5398585 a composite number?
True
Is 1363987 prime?
False
Is 111139 prime?
False
Is 1273007 a composite number?
True
Is 17112917 a prime number?
False
Is 1863055 prime?
False
Is 33004919 a prime number?
False
Is 23761871 a composite number?
True
Is 305043 prime?
False
Is 83784733 composite?
False
Is 217303 prime?
False
Is 5824453 composite?
False
Is 44870017 prime?
True
Is 24828851 a prime number?
True
Is 308211359 prime?
False
Is 260863813 a composite number?
True
Is 100866257 a prime number?
True
Is 33381169 composite?
False
Is 1726739423 prime?
True
Is 26875631 a prime number?
True
Is 7464543 composite?
True
Is 41310371 prime?
True
Is 250685459 a composite number?
False
Is 147073 prime?
True
Is 670801 a composite number?
True
Is 12011719 a prime number?
False
Is 2679587 prime?
True
Is 131690081 a composite number?
False
Is 15376223 a composite number?
False
Is 1854847 a prime number?
False
Is 37826861 composite?
False
Is 1889957 a composite number?
False
Is 464706779 prime?
True
Is 153646503 a composite number?
True
Is 1428463 composite?
True
Is 2905949 a prime number?
True
Is 466618261 a composite number?
True
Is 32683603 composite?
True
Is 83898239 composite?
True
Is 409531849 a composite number?
False
Is 3305431 a prime number?
False
Is 71834293 prime?
False
Is 312131 prime?
False
Is 45660233 prime?
False
Is 32783279 a composite number?
False
Is 3238049 a composite number?
False
Is 550241 a prime number?
True
Is 34770391 a composite number?
True
Is 268597 prime?
False
Is 28855571 prime?
False
Is 57628027 a prime number?
False
Is 25601201 a prime number?
False
Is 3701473 a composite number?
True
Is 343279865 composite?
True
Is 176069 a composite number?
True
Is 2064241 a composite number?
False
Is 162887707 a composite number?
False
Is 2860157 prime?
True
Is 24859133 prime?
False
Is 36802741 a prime number?
True
Is 20726717 composite?
True
Is 58147 a composite number?
False
Is 4981673 prime?
True
Is 64182381 a prime number?
False
Is 9344771 a prime number?
True
Is 64288303 composite?
True
Is 12327923 a prime number?
True
Is 2425541 a prime number?
True
Is 16420271 a prime number?
False
Is 14796437 a prime number?
True
Is 3600629 a prime number?
True
Is 111721 prime?
True
Is 12541883 composite?
False
Is 32391527 prime?
False
Is 416183683 composite?
False
Is 1804037 composite?
False
Is 5234987 a prime number?
True
Is 301765 a prime number?
False
Is 377767 a composite number?
True
Is 16529987 prime?
True
Is 237127 composite?
True
Is 411616297 a composite number?
True
Is 197602787 prime?
False
Is 25403221 prime?
True
Is 5573537 prime?
False
Is 374348077 composite?
True
Is 4650127 a composite number?
True
Is 113041057 a prime number?
True
Is 224357 a prime number?
False
Is 563335705 a prime number?
False
Is 15176713 a composite number?
False
Is 17744281 composite?
False
Is 80618815 composite?
True
Is 3667159 prime?
True
Is 378599 a composite number?
True
Is 2649529 composite?
False
Is 5032441 a prime number?
False
Is 4369303 a composite number?
False
Is 34885073 a prime number?
True
Is 3841841 a prime number?
False
Is 3744967 a prime number?
True
Is 78348383 prime?
True
Is 24745478 composite?
True
Is 189669473 a prime number?
False
Is 4114745 a composite number?
True
Is 5640287 a prime number?
True
Is 53793029 composite?
True
Is 1032233 composite?
False
Is 674437 prime?
False
Is 1274659 composite?
True
Is 529213 composite?
False
Is 1632679 a prime number?
True
Is 4134163 prime?
False
Is 382961 composite?
False
Is 80212643 prime?
False
Is 9729721 a composite number?
True
Is 4850383 composite?
False
Is 49528921 composite?
True
Is 263999993 a prime number?
True
Is 46871621 composite?
True
Is 20608903 composite?
True
Is 392321 prime?
True
Is 13517213 composite?
False
Is 184994801 a prime number?
True
Is 894566963 prime?
True
Is 1881389 composite?
False
Is 118924483 a prime number?
True
Is 1913341 composite?
False
Is 2502329 a prime number?
True
Is 294545401 a prime number?
False
Is 5101841 prime?
True
Is 213157045 a prime number?
False
Is 26929993 composite?
False
Is 1175161 prime?
False
Is 4019227 composite?
True
Is 163926593 prime?
True
Is 402124579 composite?
True
Is 61681017 a composite number?
True
Is 49678729 a composite number?
False
Is 11972861 a prime number?
False
Is 8656918 a prime number?
False
Is 121711 a prime number?
True
Is 44971097 a prime number?
False
Is 332654989 a prime number?
True
Is 3663591 composite?
True
Is 683881 a composite number?
True
Is 25597387 composite?
True
Is 1646965 a composite number?
True
Is 203843 a composite number?
False
Is 17595359 prime?
True
Is 3742201 prime?
True
Is 13596449 a composite number?
False
Is 245423333 a composite number?
False
Is 97234333 composite?
True
Is 420001283 prime?
False
Is 229284437 a prime number?
False
Is 18728855 prime?
False
Is 15498663 composite?
True
Is 51560071 a prime number?
False
Is 18063037 composite?
True
Is 29072881 a composite number?
False
Is 20144737 a prime number?
True
Is 9834283 a prime number?
True
Is 957970857 composite?
True
Is 627076639 composite?
True
Is 6521899 a composite number?
False
Is 246305 a prime number?
False
Is 145918471 a composite number?
False
Is 2409571 composite?
True
Is 25072231 a prime number?
False
Is 74526557 a composite number?
True
Is 75095443 prime?
False
Is 1009727 a composite number?
False
Is 136464529 composite?
True
Is 1009637 a prime number?
True
Is 1277077103 composite?
False
Is 36468867 a prime number?
False
Is 18509317 composite?
False
Is 55952291 a composite number?
False
Is 129628669 prime?
True
Is 191827 a composite number?
False
Is 75091871 a composite number?
True
Is 36990911 composite?
False
Is 1009773503 a composite number?
False
Is 75138581 composite?
True
Is 453449 a composite number?
True
Is 38456947 a composite number?
False
Is 37217671 a prime number?
False
Is 75245591 a prime number?
False
Is 118777969 a prime number?
False
Is 40095829 prime?
True
Is 342527 a prime number?
True
Is 2973731 a prime number?
False
Is 7704589 composite?
True
Is 679451 prime?
True
Is 30252923 a prime number?
True
Is 181523 composite?
False
Is 27009337 prime?
False
Is 18953983 composite?
False
Is 2066387 prime?
False
Is 443757523 a composite number?
True
Is 7614533 prime?
False
Is 25343293 a composite number?
True
Is 292838903 prime?
False
Is 245671 composite?
False
Is 11077862 prime?
False
Is 100926239 composite?
True
Is 181992797 a composite number?
True
Is 205351837 prime?
False
Is 57821 a prime number?
False
Is 4077527 composite?
False
Is 662846 a composite number?
True
Is 1469833 composite?
False
Is 67032519 a composite number?
True
Is 5958709 prime?
True
Is 9115589 a prime number?
False
Is 793109971 a composite number?
False
Is 10003967 a prime number?
False
Is 28610143 composite?
True
Is 13622927 composite?
True
Is 9266743 composite?
True
Is 6420461 a composite number?
True
Is 2638253 a prime number?
True
Is 2435387 prime?
False
Is 1489661 a composite number?
False
Is 371363617 a prime number?
True
Is 1221446933 prime?
False
Is 102283 a composite number?
True
Is 244067855 prime?
False
Is 878394971 a prime number?
True
Is 10773241 prime?
True
Is 21087833 a prime number?
False
Is 200639 prime?
True
Is 17076793 a prime number?
False
Is 228124969 prime?
False